he units digit of s?
7
Let k = -38 - -41. Suppose 41 = a - k*v, -22 = -a - 4*v + 19. What is the tens digit of a?
4
Let h(t) = 3*t - 8. Let b(z) = -7*z + 17. Let y(u) = -2*b(u) - 5*h(u). Let p be y(0). What is the units digit of (-165)/10*(-8)/p?
2
Let j(m) = -m**3 + 4*m**2 + m. Let c be j(4). Suppose c*v = -h + 26, -h + 3 = 5. Suppose -v*a + 12*a = 120. What is the units digit of a?
4
Let y = -99 - -201. Suppose 3*a = -4*g - 355, 3*a - y = 5*g - 421. Let s = 163 + a. What is the tens digit of s?
5
Let q = 392 - -551. What is the hundreds digit of q?
9
Let b(a) = a**2 - 5*a - 12. Let w be b(7). Suppose -3*y - w*y = 0. Suppose -4*i - 2 = x, 2*x - 5*x - i + 27 = y. What is the units digit of x?
0
What is the units digit of -108*((-11)/22 - 0/1)?
4
What is the hundreds digit of (156/(-8))/((-4)/40)?
1
Suppose 0 = -m + 38 + 142. What is the hundreds digit of m?
1
Let b(d) = -16*d**3 + 7*d**2 + 27*d + 87. What is the tens digit of b(-5)?
2
Let j be 90/21 + (-8)/28. Suppose -4 = -j*o + 3*o. What is the units digit of o?
4
Suppose s = -4*o + 161 + 204, 0 = -3*s - 5*o + 1060. Suppose -4*z + s = z. What is the units digit of z?
9
Suppose -4*x + 4*u = -9*x + 132, x = u + 21. Suppose j = 2, -5*l + x = -4*j - 18. What is the units digit of l?
0
Let q(z) = -2*z + 8*z + 126 - z - 4*z. What is the hundreds digit of q(0)?
1
Let w = 144 - 49. What is the units digit of w?
5
Let t = 56 + 64. Let y = -35 + t. Suppose -5*s + b + 85 = -b, 5*b = 4*s - y. What is the units digit of s?
5
Suppose -6202 = -4*z + 2*v, z - 263 = -v + 1292. What is the tens digit of z?
5
Let o = -645 - -962. What is the tens digit of o?
1
Suppose n - 2471 = 22*k - 26*k, -2*n + 4972 = 2*k. What is the units digit of n?
1
Suppose 2*h = 5*d - 35, 0 = 6*d - 3*d - h - 20. Let x(l) = 11*l**2 - 15*l - 1. What is the units digit of x(d)?
9
Suppose 19*n = 15*n + p + 3076, 8*p - 3808 = -5*n. What is the units digit of n?
8
Let j(t) = 7*t**2 - 2*t. Let c = -2 + 4. Let f be -5*c*1/(-5). What is the units digit of j(f)?
4
Let m(p) = -2*p + 11. Suppose -6*j = -j - 20. Let s be m(j). Suppose -104 = -s*r + 73. What is the units digit of r?
9
Let m = -1527 - -2168. What is the units digit of m?
1
Let g be (14/1)/(1/46). Suppose 0 = 4*l - 28 + 12, g = 5*c + l. What is the hundreds digit of c?
1
Suppose 0 = 3*t - 11 - 7. Let p be (t - 2) + 1 + 5. Let w = -1 + p. What is the units digit of w?
9
Let h(t) be the third derivative of t**4/24 + 5*t**3/3 + 8*t**2. Let v be h(-4). Suppose a - v = -0. What is the units digit of a?
6
Let m(l) = l**2 - 2*l - 2. Let j be m(-3). Let g = j + -25. What is the units digit of ((-4)/g + 0)*18?
6
What is the units digit of (18/4)/(-3)*(-239 - 39)?
7
Suppose -42 - 28 = 2*k. Let n = k + 113. What is the units digit of n?
8
Suppose 0 = -23*c - 9*c + 20544. What is the hundreds digit of c?
6
Suppose -u - 3*n = -0*u, -5*u + 3*n - 72 = 0. Let t = 77 - u. What is the units digit of t?
9
Let o = -933 - -1455. What is the units digit of o?
2
Let r(n) be the second derivative of n**4/12 + n**2 - 29*n. What is the tens digit of r(8)?
6
Let y(m) be the first derivative of 5*m**3/3 + m**2 - 15*m + 50. What is the hundreds digit of y(6)?
1
Suppose 4*i - 6*i = -5*c - 14, 2*i = -2*c. Suppose -j + 5*j - 365 = 5*b, i*j = 3*b + 185. What is the units digit of j?
5
Let t be ((-11)/22)/(2/(-8)). Suppose -4*j = -t*o + 454, o = j + 212 + 15. Suppose 0 = 7*c - o + 17. What is the tens digit of c?
3
Suppose 1798 = 12*w - 2978. What is the hundreds digit of w?
3
Suppose 0 = -5*f - 2*h + 11, 5*f = -0*f - 4*h + 7. Suppose 0 = -2*b + 7*b - 2*x - 175, 0 = f*b - 4*x - 119. What is the tens digit of b?
3
Let y(a) = -a**2 + 27*a - 18. Let o be (-33)/11 + 21 + 1. What is the tens digit of y(o)?
3
Let b(g) = -6 - 18*g - 4 - 30*g - 5. What is the hundreds digit of b(-6)?
2
What is the tens digit of -9*(2144/(-18))/8?
3
Let j(z) = z**2 + 8*z + 4. Let y be j(-10). Let w = y + -21. Suppose a + 5*m = -4, -w = 4*m + 5. What is the units digit of a?
6
Let r(f) = f**3 + 29*f**2 - 89*f + 11. What is the tens digit of r(-31)?
4
Suppose -11*z - 6*z = -3400. What is the tens digit of z?
0
Suppose -8*y + 4714 = 274. What is the tens digit of y?
5
Let s(v) = v + 13. Let g = -9 - 8. Let t be s(g). What is the units digit of (-10 + 8)*82/t?
1
Let t(n) = n**3 + 4*n**2 + 4*n + 3. Let q be t(-2). Suppose c + 5*v - 50 = 0, -q*c - 2*v = -6*c + 82. What is the units digit of c?
0
Suppose 22*n - 14 = -5*a + 26*n, -a - 5*n = 3. What is the units digit of a?
2
What is the tens digit of (-25857)/(-36) + 4 + 1/(-4)?
2
Suppose -16*u = -21*u + 585. Let o = u - 3. What is the hundreds digit of o?
1
Suppose -3*u + 4*h = -1698, -2*h + 107 = -5*u + 2951. What is the units digit of u?
0
Let s(d) = -52*d + 12. Let m be 3*(3 + 14/(-3) + 1). What is the tens digit of s(m)?
1
Let z be 1 + -1 + 3 - 2. What is the tens digit of ((-4)/(-5))/((-217)/(-215) - z)?
8
Let z(t) = 28*t - 50. Let o(s) = s + 1. Let x(f) = -3*o(f) + z(f). What is the hundreds digit of x(8)?
1
Suppose -5*j + 2446 = -7969. What is the tens digit of j?
8
Let n(w) = -3*w - 40. Let j be n(-14). What is the units digit of 599/3 - (j - 14/6)?
0
Let w = 31 - 31. Suppose 4*c - 39 = -p + 5, w = 3*c + 6. What is the tens digit of p?
5
Let t = 32 + -23. What is the tens digit of (t/(-2) - -3)/(1/(-18))?
2
Suppose -3*p + 2*p + 100 = 0. Let c = p + -33. What is the units digit of c?
7
Let k be (-2)/(-6) + 64/24. Let g be -162*(k + (-33)/9). Suppose -20*b - g = -23*b. What is the units digit of b?
6
Let t(c) = c**2 + c + 1. Let y(o) = -3*o**2 + 3*o + 17. Let h(a) = 4*t(a) + y(a). Let v be h(7). Let w = -63 + v. What is the tens digit of w?
5
Suppose -50*u - 25586 = -72*u. What is the tens digit of u?
6
Suppose -5*q = 5*a - 225, 4*a = -q + 2*q + 155. Suppose -4*c + 3*c + a = 3*j, -4*j + 200 = 4*c. What is the tens digit of c?
5
Let w(o) = o**3 + 15*o**2 + 17. What is the tens digit of w(-15)?
1
Let m = 73 + -12. Let q = -39 + 54. Let r = m - q. What is the tens digit of r?
4
Let l(p) = -2*p + 31. Suppose k - 18 = -2*k. What is the tens digit of l(k)?
1
What is the tens digit of (-561)/(-2)*(-2 - 2 - -6)?
6
Suppose 39 + 41 = 2*p. What is the units digit of p/((-2)/7*35/(-15))?
0
Suppose -k + 11 = k - 3*y, 3*k = 3*y + 15. Suppose -11*o = -10*o + k. What is the units digit of (-5)/(1/(-1)) - o?
9
Suppose 0 = 2*k - 10 - 2. Suppose -5*w - 12 = -k*w. What is the tens digit of w?
1
Let a = -2 + 5. Suppose a*v - 24 = -0*v. Let x = v - 3. What is the units digit of x?
5
Let b = -2204 + 3608. What is the thousands digit of b?
1
Let i be 3/1 + -7 - -24. Suppose 2*c = -3*c - i, -268 = -2*d - 3*c. What is the tens digit of d?
4
Let d(m) = m**2 - 9*m + 9. Let v be d(6). Let x = -30 + 30. What is the units digit of x/v + 25/1?
5
What is the thousands digit of 0*2*2/(-8) + 1910?
1
Let w = -5153 + 7797. What is the tens digit of w?
4
What is the units digit of -2 + 6 + -5 + -1 + 692?
0
Suppose -4*r = -2*z - 445 + 1217, 0 = -4*z - r + 1526. What is the units digit of z?
2
Suppose -q + 2309 = 3*f - 4627, 3*q + 11560 = 5*f. What is the tens digit of f?
1
Suppose -x + 40 = 4*x. Suppose -2*n + x = -4*n. What is the tens digit of (-3)/(-4) - 53/n?
1
Suppose 8*y - 375 = 7*y. What is the hundreds digit of y?
3
Suppose -4*h + 5*c - 9 = 47, -6 = 2*h + 3*c. Let i = h + 29. What is the units digit of i?
0
Suppose -27 = -2*y - 21. Suppose -93 = 3*c - 4*c - 3*b, -4*b - 214 = -y*c. What is the units digit of c?
8
Let y = 3 + -1. Suppose y*o - 7*o = x - 29, -4*x + o = -158. What is the tens digit of x?
3
Suppose 12 = -4*i + 4, -20 = -5*a + 5*i. Suppose -q + 64 = a*h, 4*q - 2*h = 3*h + 295. What is the tens digit of q?
7
Let a be -16 + 16 - (0 + 1). Let f(l) be the first derivative of -19*l**2/2 + 1. What is the units digit of f(a)?
9
Let r(f) = 19 + f + 2*f - f. Let p be r(9). Suppose -4*m - 3*y = -65, 2*m + 0*y - p = 3*y. What is the tens digit of m?
1
Suppose 2*g = -3*g. Let t be -3*(g + 1) + 3. Suppose 4*d - 2*l = 46, t = 4*l - 3*l - 1. What is the tens digit of d?
1
What is the tens digit of (-6828)/(-20) + (-3)/(-5)?
4
What is the tens digit of (-499)/((-36)/(-45) - 1)?
9
Suppose 9*o = 13*o - 1152. Suppose -5*b = b - o. What is the units digit of b?
8
Let f = 11 - 6. Suppose 3*h + f*u - 54 = -0*h, -u = 3. What is t